?
1347
Calculate the highest common divisor of 3312 and 8512080.
48
Calculate the greatest common divisor of 85631 and 94822.
91
What is the highest common factor of 284657624 and 1329?
443
What is the highest common divisor of 3154645 and 390?
65
What is the highest common factor of 44 and 117788?
44
Calculate the greatest common factor of 37858668 and 42.
6
What is the greatest common factor of 2772 and 47793438?
1386
What is the greatest common factor of 31079997 and 207?
9
What is the highest common divisor of 112 and 137630928?
16
What is the greatest common factor of 6264 and 17847?
27
What is the greatest common divisor of 2130394 and 16226?
266
What is the greatest common factor of 12142 and 118222?
26
Calculate the highest common factor of 14036 and 4050024.
1276
Calculate the highest common factor of 758166 and 12954.
102
What is the highest common divisor of 13543802 and 2726?
94
What is the highest common divisor of 14 and 253519?
7
Calculate the greatest common factor of 4327215 and 785.
5
Calculate the greatest common factor of 549 and 3664087.
61
Calculate the greatest common factor of 29904 and 69846.
42
Calculate the greatest common factor of 4335 and 1268710.
1445
What is the highest common divisor of 25956 and 4207035?
2163
Calculate the highest common factor of 1837022 and 4598.
242
Calculate the highest common divisor of 136358896 and 5472.
304
What is the highest common factor of 159676801 and 17?
17
Calculate the greatest common factor of 283441 and 34.
17
Calculate the highest common factor of 135074 and 12.
2
What is the highest common divisor of 41587 and 39907525?
3199
What is the greatest common divisor of 24987138 and 66?
66
Calculate the highest common factor of 90202320 and 260.
260
Calculate the highest common divisor of 32725712 and 320.
16
What is the greatest common divisor of 4291460 and 1615388?
3748
What is the highest common factor of 1540448 and 237328?
1456
What is the highest common divisor of 69634 and 87616?
74
What is the highest common factor of 23237 and 13101999?
1223
Calculate the greatest common divisor of 1335564 and 18147.
69
Calculate the greatest common divisor of 28854 and 1581474.
1374
Calculate the greatest common divisor of 1947 and 12301839.
33
Calculate the greatest common divisor of 93271058 and 4803.
1601
Calculate the greatest common divisor of 954 and 999293694.
318
Calculate the greatest common factor of 12759984 and 24624.
432
What is the highest common divisor of 1581 and 21456975?
51
Calculate the highest common divisor of 2256 and 92390908.
188
What is the greatest common factor of 942000 and 8250?
750
Calculate the greatest common factor of 8693504 and 5336.
232
Calculate the highest common divisor of 189 and 167976.
9
Calculate the greatest common divisor of 244995 and 106215.
15
Calculate the greatest common divisor of 29 and 672402961.
29
Calculate the highest common divisor of 5558 and 19579246.
794
Calculate the highest common divisor of 202538 and 693787.
629
What is the greatest common divisor of 450 and 9346800?
150
Calculate the highest common factor of 2187 and 223073271.
729
Calculate the highest common factor of 396 and 340074.
18
What is the highest common divisor of 9492 and 429650634?
4746
What is the greatest common factor of 2766 and 11931141?
1383
Calculate the highest common factor of 9599876 and 276991.
1859
What is the greatest common factor of 998718 and 1559460?
3318
What is the highest common factor of 6352407 and 136?
17
What is the highest common factor of 8762 and 17387852?
674
What is the highest common divisor of 69865104 and 43248?
816
What is the highest common divisor of 318941 and 21091?
161
What is the greatest common factor of 36984 and 50500272?
552
Calculate the highest common divisor of 406129140 and 810.
810
What is the greatest common factor of 495 and 62765901?
99
Calculate the greatest common divisor of 16002 and 290322.
2286
What is the highest common divisor of 929826 and 18894?
402
Calculate the greatest common factor of 89634622 and 710546.
15118
Calculate the greatest common factor of 291413303 and 51.
17
Calculate the greatest common divisor of 18992 and 136208.
16
Calculate the greatest common divisor of 3744 and 297168.
48
Calculate the highest common divisor of 6789 and 6202883.
2263
What is the greatest common factor of 1247898 and 10122?
1446
Calculate the greatest common factor of 26750 and 12746910.
1070
What is the greatest common divisor of 50265770 and 544?
34
Calculate the greatest common divisor of 238725 and 66915.
45
Calculate the greatest common factor of 3280 and 12018740.
820
Calculate the greatest common factor of 174 and 34139235.
87
Calculate the highest common factor of 345776473 and 3997.
3997
What is the highest common factor of 3400467 and 1544?
193
Calculate the greatest common factor of 92803255 and 85.
85
What is the highest common divisor of 112413 and 2609985?
1113
What is the highest common factor of 278538 and 182?
26
Calculate the greatest common factor of 1066 and 773014.
82
Calculate the highest common divisor of 707160 and 42081.
249
Calculate the greatest common divisor of 848 and 523958.
106
What is the greatest common divisor of 2833899 and 12873?
1839
Calculate the highest common factor of 1246 and 73066.
14
Calculate the highest common divisor of 20118240 and 5940.
540
Calculate the highest common factor of 29 and 89383423.
29
What is the highest common factor of 259 and 931549?
37
Calculate the highest common divisor of 250829061 and 21.
21
Calculate the greatest common factor of 1949960 and 164.
164
Calculate the highest common divisor of 1145 and 287266760.
1145
Calculate the highest common divisor of 3218210083 and 3377.
3377
Calculate the highest common divisor of 4500 and 473700.
300
What is the greatest common factor of 153 and 4656825?
9
What is the highest common factor of 26264 and 235304?
536
Calculate the greatest common factor of 9334 and 146068.
26
What is the greatest common factor of 27 and 5284971?
9
What is the highest common divisor of 910 and 196070?
70
Calculate the highest common factor of 92 and 258827372.
92
What is the highest common divisor of 29367 and 114465?
39
Calculate the greatest common divisor of 507 and 16899.
3
Calculate the highest common divisor of 4702440 and 60792.
3576
Calculate the greatest common divisor of 295104560 and 1895.
1895
What is the greatest common factor of 141286 and 16216876?
3446
Calculate the highest common divisor of 447049080 and 50.
10
What is the highest common factor of 429 and 116225?
1
What is the highest common factor of 26598719 and 4851?
49
Calculate the greatest common divisor of 19674 and 10440.
18
Calculate the greatest common divisor of 26 and 267194863.
13
Calculate the greatest common factor of 2353 and 6218329.
13
What is the highest common factor of 1105783032 and 24?
24
Calculate the highest common divisor of 336244368 and 228.
228
What is the highest common divisor of 8074 and 1756462?
734
Calculate the greatest common factor of 3675 and 7110537.
147
What is the highest common factor of 2273976 and 88632?
72
What is the highest common factor of 1066486 and 1849?
43
Calculate the greatest common factor of 2638120 and 1190.
10
What is the highest common divisor of 304 and 14116772?
76
Calculate the highest common factor of 146 and 25175218.
146
Calculate the greatest common divisor of 2165161 and 26447.
499
What is the highest common divisor of 42123318 and 4674?
246
Calculate the greatest common divisor of 2109 and 952491.
111
What is the greatest common factor of 281 and 30359521?
281
Calculate the greatest common factor of 1288165 and 2775631.
4861
Calculate the greatest common factor of 39034079 and 3173.
167
What is the greatest common factor of 10902 and 6370086?
474
Calculate the greatest common divisor of 37260 and 620833572.
7452
Calculate the highest common factor of 1017 and 41402409.
339
What is the highest common factor of 2723 and 370101602?
389
Calculate the greatest common factor of 30465 and 161970.
15
Calculate the highest common divisor of 1110 and 18009010.
370
Calculate the greatest common divisor of 104 and 374634.
26
Calculate the highest common divisor of 299695 and 3.
1
Calculate the